 + 1. Let i = 76 - -26. What is the remainder when i is divided by h?
24
Let k be (42/(-9))/(6/27). What is the remainder when (2576/k)/(-8) + (-1)/3 is divided by 2 - 1*-2*1?
3
Let i(r) = 5*r**3 - 6*r**2 + 14*r + 4. What is the remainder when 108 is divided by i(2)?
12
Let b = -577 + 619. What is the remainder when 124 is divided by b?
40
Let g(t) = t - 2. Let p be g(1). Calculate the remainder when p/3 - (-134)/6 is divided by 2 - 8/(128/(-172)) - (-3)/12.
9
Suppose p = -2 + 6. Let f(j) = -j**3 + 23*j**2 + j - 20. Let v be f(23). Suppose v*s + 10 = p*s. What is the remainder when s is divided by 4?
2
Suppose 0 = 4*j - 7*j + 9. Suppose -3*u = 14 - 62. What is the remainder when u is divided by j?
1
Calculate the remainder when 415*((-18)/(-30) - 0) is divided by 28.
25
Let t(a) = -a**3 - 3*a**2 + 1. Let q = 28 - 31. What is the remainder when t(-4) is divided by 1/q - (-80)/15?
2
Let i(v) = -4*v - 10. Calculate the remainder when (-13)/(455/28) + 492/15 is divided by i(-7).
14
Let g(p) = 2*p**2 + 21*p - 7. Let m be g(-11). Suppose m*u - 5*u - 2 = 0. Calculate the remainder when (-1078)/(-28) - u/(-4) is divided by 14.
10
Suppose 0 = -34*q + 26*q + 136. Suppose s = 4*m - 10 - 112, 3*s = -3*m + 84. Let a = m + 35. Calculate the remainder when a is divided by q.
14
Calculate the remainder when 59 is divided by 1/(12/(-46)*19 + 5).
13
Suppose -2*d = -35*d + 1287. Calculate the remainder when 308 is divided by d.
35
Let j be (-6 + 0)/(1/(-7)). Suppose 3*d + j = 5*d. Let u = -1776 - -1788. Calculate the remainder when d is divided by u.
9
What is the remainder when 508/16 - 2 - (-11)/44 is divided by 13?
4
Let j(g) = -4*g**3 + 5*g**2 + 3*g - 32. Let k(w) = -w**3 + w**2 + w - 1. Let x(c) = -j(c) + 3*k(c). What is the remainder when 109 is divided by x(0)?
22
Let h = 8 + -38. Let d = -45 - h. Calculate the remainder when 26 is divided by ((-70)/d)/((-3)/(-9)).
12
Let n(f) = -3*f - 5. Let d = 1 + 5. Let m(y) = 6*y - 8. What is the remainder when m(d) is divided by n(-5)?
8
Let t be 38/2 + (8 - 10). Let n = -4 + t. What is the remainder when n is divided by 3?
1
Suppose 2*t + 1078 = 4*j - 1970, -4*j = -4*t - 3040. Calculate the remainder when j is divided by 32.
28
Suppose 2*q - 14 = -2*t + 5*q, -t = 2*q - 14. What is the remainder when 379 is divided by t?
9
Suppose 0*j - j = -3. Suppose -3*x + 5*x - 10 = -u, j*x + 4*u - 25 = 0. Suppose -1 = -4*y + x. What is the remainder when y is divided by 1?
0
Let x be 0/(7/((-21)/9)). Suppose 0 = -x*o + 3*o - 129. Calculate the remainder when o is divided by 22.
21
Let r = 11 - 4. Calculate the remainder when 89 is divided by r.
5
Let w(d) = -4*d + 17. Let y be w(6). Let u = y - -20. Let o = 46 - 10. What is the remainder when o is divided by u?
10
Let y(f) = -2*f**3 - 7*f**2 - 6*f - 6. Let v be (-2)/(-4) - (-34)/4. Suppose 0 = -8*o + v*o + 4. Calculate the remainder when 135 is divided by y(o).
33
Calculate the remainder when 193 is divided by (0 - 9) + 65 - 7.
46
Let x(o) = -2*o**3 + 21*o**2 - 10*o + 10. Calculate the remainder when 38 is divided by x(10).
8
Let g = -835 + 907. What is the remainder when g is divided by 15?
12
Let t = -48 - -27. Let o = -6 + t. What is the remainder when (18/o)/((-2)/93) is divided by 8?
7
Let q(n) = -5*n + 21. Let z be q(9). Let y = 45 + z. What is the remainder when 144 is divided by y?
18
Suppose 1551*u = 1560*u - 207. What is the remainder when 40 is divided by u?
17
Let x(y) = -y**3 + 9*y**2 + 7*y - 28. Calculate the remainder when 137 is divided by x(9).
32
Let f(b) be the second derivative of -b**3/6 + 5*b**2 - 9*b. Calculate the remainder when 89 is divided by f(-8).
17
Suppose -183 = -2*a + 3*h, -3*a + 121 = -2*h - 146. Calculate the remainder when 258 is divided by a.
84
Let z(s) = 132*s**2 + 5*s - 3. What is the remainder when z(1) is divided by 82?
52
Let l(y) be the first derivative of 4*y**3/3 + y**2 + 3*y + 1. Suppose -2*p + t + 21 = 0, p - 3*t - 31 = -p. Calculate the remainder when l(-2) is divided by p.
7
Suppose -2647 = -36*x + 53. What is the remainder when x is divided by 22?
9
Let z = -5 - -47. Suppose 5*k - z = 3. Calculate the remainder when ((-24)/(-10))/(2/35) is divided by k.
6
Let z(j) = 7*j**2 + 2*j + 3. Let k = 0 + -10. Let r(v) = v**3 + 10*v**2 - 2. Let m be r(k). What is the remainder when z(m) is divided by 7?
6
Let f(g) = -2*g - 3. What is the remainder when 76 is divided by f(-14)?
1
Suppose -3*t = -6*t + 3. Let v = t - -5. Suppose 4*l - 20 = 0, p + v*l - 3*l - 19 = 0. Calculate the remainder when 15 is divided by p.
3
Suppose 3*z = k - 12 - 33, 90 = 2*k + 2*z. Suppose 2*x = -k + 139. Calculate the remainder when x - (-5)/((-20)/(-16)) is divided by 27.
24
What is the remainder when (-85)/(87/(-21) + 4) is divided by 23?
20
Suppose -57 = c - 73. Suppose 0 = 4*j - 31 - 285. Calculate the remainder when j is divided by c.
15
Let o(a) = a**2 - 8*a + 9. What is the remainder when o(12) is divided by 29?
28
Let u be (-1)/(-2) + (-14)/(-4). Suppose 9 = j - u*d - 24, 3*j - 99 = d. Suppose 4*t - j - 19 = 0. What is the remainder when 22 is divided by t?
9
Suppose -140 = 23*t - 30*t. Calculate the remainder when 37 is divided by t.
17
Let x(n) = -8*n + 310. Calculate the remainder when 52 is divided by x(37).
10
Suppose 3*r = -101 + 95. Calculate the remainder when r/(-6) + ((-1200)/9)/(-8) is divided by 9.
8
Suppose j - 11 = q, 0*q + 2*j = -q - 2. Let y(n) = n**3 + 9*n**2 + 6*n - 7. Suppose 0 = -7*s + 3*s + 20. Calculate the remainder when y(q) is divided by s.
4
Suppose 4*h - 185 = -h. Calculate the remainder when ((-30)/8)/((-4)/((-1408)/(-12))) is divided by h.
36
Let p = -108 - -120. Calculate the remainder when 80 is divided by p.
8
Suppose -3*d + 38 = -1. Suppose -l - 7 = -d. Suppose 5*b - 5*h - l = 2*b, -6 = -3*b - 4*h. What is the remainder when 5 is divided by b?
1
Suppose 2*v + 0*d - 4*d = 82, 113 = 3*v - 4*d. What is the remainder when 182 is divided by v?
27
Let q(n) = n**2 - n + 1. Let j = -14 + 8. Let a(y) = 25*y**2 - 4*y + 7. Let h(s) = j*q(s) + a(s). Calculate the remainder when h(-1) is divided by 4.
2
Let p = -5 + 46. Let x(z) = z**3 + 18*z**2 + 73*z - 37. Calculate the remainder when p is divided by x(-11).
6
Let v(t) = -34*t - 4. Suppose 4*c = p - 11, 0 = -3*p - 58*c + 59*c + 33. Calculate the remainder when v(-3) is divided by p.
10
Let h(g) = 230 - 233 + 5*g - 18*g. What is the remainder when h(-4) is divided by 27?
22
Suppose -4*r - 48 = 4*t, -r + 4*t = -0*t + 27. Let v = 1807 - 1786. Let f = r + v. Calculate the remainder when f is divided by 3.
0
Suppose -119 = -3*d - 2*q, 10*q = 2*d + 5*q - 111. Calculate the remainder when d is divided by 14.
1
Let a = 1127 - 891. Calculate the remainder when a is divided by 10.
6
Let w = -66 - -219. Calculate the remainder when w is divided by 52.
49
Calculate the remainder when 28212/282 + (-16)/376 is divided by 51.
49
Suppose -233*k = -244*k + 1287. Calculate the remainder when k is divided by 6.
3
Let z = 41 - -41. Suppose 0 = -5*f + z - 17. What is the remainder when 49 is divided by f?
10
Let g(l) = l**3 + 9*l**2 - 14*l - 11. Suppose 2*b = -12 - 8. Let r be g(b). Let h = 18 + r. Calculate the remainder when h is divided by 17.
13
Let t be (-182)/(-10) - 12/(-15). Suppose 22*r - 72 = t*r. What is the remainder when 94 is divided by r?
22
Suppose -48 = -8*r + 2*r. Calculate the remainder when 61 is divided by (r + -4)*(11 + -3).
29
Let b = -52 + 74. Calculate the remainder when (24/16)/((5/b)/5) is divided by 5.
3
Suppose 4*c + 45 - 55 = 2*x, c = 2*x - 2. What is the remainder when 238 is divided by c?
2
What is the remainder when 155 is divided by ((-8)/(-3))/((-464)/120 - -4)?
15
Let s = -27 + 21. What is the remainder when 19 is divided by -10*s/(-8)*16/(-12)?
9
Let u = 260 + -207. What is the remainder when u is divided by 29?
24
Let u be (-10 - -8)/(2/(-4)). Suppose 4*c - 2*z - 24 = 2*c, -z = -u*c + 60. Calculate the remainder when 30 is divided by c.
14
Let n = 2793 + -2758. Let c(r) = -r**2 + 103. Calculate the remainder when c(0) is divided by n.
33
Let m(k) = 846*k. Let i be m(2). Calculate the remainder when 6/(-10) + i/20 is divided by 29.
26
Let j = 6 - 0. Let m = j - 4. Suppose -4*z + 3*t = -z - 33, 3*t + 26 = m*z. Calculate the remainder when z is divided by 3.
1
Sup